. Let g be x(-3). Suppose 91 = g*m - 266. Calculate the highest common divisor of 51 and m.
51
Suppose 0 = -23*u + 35*u + 12432. Let t be u/(-111)*(-1 - 38/(-8)). What is the highest common divisor of 175 and t?
35
Suppose 0 = 1290*q - 1320*q + 450. What is the greatest common divisor of q and 2175?
15
Let t = 79 + -44. Let k = 1374 - 1353. Calculate the greatest common factor of t and k.
7
Let i = -6767 - -7223. Calculate the greatest common factor of 1083 and i.
57
Let v be 6/((-4 - (-59)/15)*-2). Suppose 3*c = -12*c + v. Suppose -4 = -c*m + 41. Calculate the greatest common factor of m and 210.
15
Let s(d) = 17*d**3 - 13*d**2 + 31*d - 272. Let x be s(10). Calculate the highest common factor of 516 and x.
258
Let p(o) = -3*o**2 + 475*o + 722. Let c be p(151). Calculate the highest common divisor of 36 and c.
12
Let w be (-3)/21 + 2/14 - 3. Let r be -1 + w + 12 + (-2 - 0). Let f(q) = q**2 + 3*q - 10. Let n be f(-7). What is the greatest common factor of r and n?
6
Suppose 10 - 8 = x. Let s(h) = -h**2 + 19*h + 2. Let m be s(x). What is the highest common factor of m and 48?
12
Suppose 0 = -6*a + 15*a + 18. Let q be (39 - 41) + (-42)/a. What is the highest common divisor of q and 1?
1
Let i be (-2 - -3) + 16/(-14) + 171864/1519. Calculate the highest common divisor of 1243 and i.
113
Suppose 18*s + 22*s - 28512 = 24*s. Calculate the highest common factor of s and 44.
22
Let u = 21 + -18. Suppose -73 = 3*t + 2*w - 336, -u*w = 2*t - 182. Let y = t + -51. What is the highest common factor of 85 and y?
17
Let f be 32*1*(0 + 4). Let h be 28/8 + (-75)/(-6). What is the highest common divisor of h and f?
16
Suppose 0 = -3*t - 3*h - 1014, 0 = 2*t + 2*h + 2*h + 674. Let p = t + 397. What is the highest common divisor of 29 and p?
29
Let c be 16083/(-12)*-4 - (4 - -2). Calculate the greatest common divisor of 210 and c.
105
Let a(g) = 69*g - 1032. Let u be a(18). Calculate the highest common divisor of u and 714.
42
Suppose -5*p + 108 - 108 = 0. Suppose n + 3*t - 24 = p, -5*t - 2 = -27. What is the greatest common divisor of n and 36?
9
Let w = -4579 - -10747. What is the highest common factor of 24 and w?
24
Let q be 7 + (-3 - -5) + 1*-2. Suppose 4*w - 36 + 9 = m, -60 = -5*w - 4*m. Let r be ((-70)/(-8))/(w/32). Calculate the greatest common divisor of r and q.
7
Let p = -2937 - -3000. Calculate the greatest common factor of p and 4977.
63
Suppose -115*l + 174*l = 29205. Calculate the highest common divisor of l and 2.
1
Suppose -317*k + 238*k + 190627 = 0. What is the greatest common divisor of 304 and k?
19
Suppose -44 = 6*c + 4. Let u be -143*4/c*(-3 + 5). Let t be (-2)/(-1)*(-132)/(-24). What is the highest common factor of t and u?
11
Let p be (1 - 4/2)*-7. Suppose j - p = -0*j. Suppose b + 377 = 7*s - 2*s, -5*s = -4*b - 353. What is the greatest common divisor of j and s?
7
Suppose -968 = -11*z + 22*z. Let q = z + 142. What is the greatest common divisor of 81 and q?
27
Let c(v) = 42*v + 276. Let z be c(-7). Let w be (-45)/z*(53 - -1). What is the highest common divisor of 90 and w?
45
Suppose 0 = -f + 2*a + 13952 + 15598, 3*a = -7*f + 206833. What is the greatest common factor of f and 664?
332
Let r(o) = 2*o**3 - 50*o**2 + 6*o + 25. Let i = -65 + 90. Let l be r(i). Calculate the highest common divisor of l and 14.
7
Let h(p) = -36*p**3 + p**2 - p. Let d(b) = b**3 + b**2 - 1. Let v(m) = -d(m) - h(m). Let a be v(1). Calculate the greatest common divisor of 35 and a.
35
Let z be 1*(-76)/16*-8. Suppose -2*k = 4*t - z, 0 = -t + k + 3*k - 13. Suppose 3*x = 0, -5*s + 2*x = t*x - 150. What is the highest common factor of s and 6?
6
Let a = 35 + -23. Suppose 2*h = 8*y - 11*y + 2, -28 = -5*h + 4*y. Suppose -h*n + 45 = -51. What is the highest common divisor of n and a?
12
Let k(r) = -10*r + 41. Let j(y) = 5*y - 21. Let o(s) = 5*j(s) + 3*k(s). Let t be o(-8). Let w = t - 37. Calculate the greatest common divisor of w and 189.
21
Suppose 0 = 13*a - 31*a - 12*a + 1650. Calculate the greatest common divisor of 253 and a.
11
Let i(t) = -t**3 + 10*t + 37. Let r be i(-3). Let q = 1200 - 452. Suppose q = l + l. Calculate the greatest common factor of r and l.
34
Let n be 4/22 + 1083/(-209). Let a be 4*4/16*(n - -22). Let g(p) = p + 187. Let c be g(0). What is the greatest common factor of a and c?
17
Suppose -3*q = 4*y - 435, -4*q + 436 = 2*y + 2*y. Let k = 282 - 192. Let l = k + y. What is the highest common divisor of 18 and l?
18
Suppose -21 = -x - 4*p, 5*x - 17 - 20 = -3*p. Suppose 0*z = -x*z + 95. Calculate the greatest common divisor of z and 1.
1
Let x = 17412 - 16820. What is the greatest common divisor of 512 and x?
16
Suppose 10*j - 9*j = 48. Suppose -18*g = -7*g - 3696. What is the greatest common factor of g and j?
48
Let v = -4031 + 4542. Calculate the highest common divisor of v and 219.
73
Suppose -485 - 176 = -22*y + 109. Calculate the greatest common divisor of y and 665.
35
Let t = -72524 - -72547. Let v be ((-322)/6)/((-1)/3). Calculate the greatest common divisor of t and v.
23
Let x = 7325 - 7317. Calculate the greatest common divisor of x and 496.
8
Let x(q) = -q**3 + 30*q**2 - 2*q - 11. Let v be x(30). Let s = v - -111. Suppose -1064 + 3584 = 9*f. What is the greatest common factor of s and f?
40
Suppose -4*r - 2648 = -6*r + 3*p, -3*p + 12 = 0. Calculate the greatest common factor of r and 105.
35
Suppose 0 = -2*b - 3*y + 2*y, 4*y + 14 = -b. Let x(z) = 9*z**2 - 6. Let u be x(b). Calculate the greatest common factor of u and 150.
30
Let d be ((6*2)/(18/(-513)))/(-2). Suppose s + 2*g - d = 0, 39*s - 37*s - 342 = -2*g. Calculate the greatest common factor of 57 and s.
57
Let i(z) = -78*z + 4833. Let h be i(61). Suppose -w - 2*w = 3*n - 27, 0 = -n + 4*w + 14. Calculate the greatest common factor of h and n.
5
Suppose 11997 = 219*v - 2457. What is the highest common factor of v and 5874?
66
Let k = 202 - 195. Suppose 0 = k*c + 17 - 521. Calculate the highest common divisor of c and 96.
24
Let l(u) be the first derivative of u**4/4 + 2*u**3 + 20*u - 39. Let j be l(-6). What is the greatest common factor of j and 4?
4
Let d(p) = 3*p + 36. Let j be d(-12). Suppose -17*v + 19*v - 836 = j. Calculate the greatest common divisor of v and 22.
22
Let b = -335 - 106. Let t be b/(-12) + 7/(-4). What is the greatest common divisor of 10 and t?
5
Suppose 2*s = 0, x + 2*s = 4*x + 522. Let c = x + 222. Let v(z) = -z**3 + 11*z**2 - 7*z + 6. Let t be v(10). What is the highest common factor of t and c?
12
Let a(x) = -x**2 - x + 30. Let c be a(-6). Suppose c = -3*h + 70 + 26. Let d = h + 45. What is the highest common factor of 11 and d?
11
Let r(z) = 80*z**2 + 180*z - 20. Let v be r(-5). Calculate the greatest common divisor of 1320 and v.
120
Let z(u) = 16*u - 1448. Let q be z(92). Calculate the highest common divisor of 4056 and q.
24
Suppose 17*a + 21*a - 379 = 191. What is the highest common divisor of a and 4065?
15
Let q = 82 - 30. Suppose -19*u = -25*u + 234. What is the greatest common factor of u and q?
13
Let g = 50 - 57. Let w be (5/(70/(-62)) + 1)*g. Let d be w/(-156) + (-524)/(-26) + 1. What is the greatest common factor of 3 and d?
3
Suppose 4*b - 96 = 2*d - 60, 0 = -2*d. Let u(z) = 5*z**2 + 7*z + 5. Let s be u(-4). Let k = s - b. What is the greatest common factor of k and 12?
12
Let b = -3240 - -3242. Suppose 0 = -3*w + 11 + 211. What is the greatest common factor of b and w?
2
Let a be ((-18)/4)/(6*(-2)/64). Let y be ((-55)/20)/(2/a). Let u = y - -46. What is the highest common factor of u and 104?
13
Let f be 4/30 + (-144760)/(-1050). Let i = f + 269. What is the greatest common divisor of i and 37?
37
Let t(d) = -263*d**2 - 4*d + 746. Let c be t(0). Calculate the greatest common factor of c and 14.
2
Suppose 65 = -54*s + 55*s + 5*m, -m + 4 = 0. What is the greatest common divisor of s and 1785?
15
Suppose -5*w + 292 = 5*u - 1698, 42 = 7*w. Calculate the greatest common factor of 1617 and u.
49
Let z = 59 + -63. Let s be 7370/201*(1 - 50/z). What is the highest common divisor of s and 55?
55
Let d be (99/(-55))/((-3)/80). Suppose d = 26*k - 24*k. What is the highest common factor of 56 and k?
8
Suppose -157*g = -131*g - 3354. Calculate the greatest common factor of 5418 and g.
129
Let b be (28/12 - 4)*24/(-20). Suppose -5*g - b*y = -691 - 4